
8
Calculate the greatest common factor of 38 and 12122.
38
What is the highest common factor of 1675 and 75?
25
Calculate the highest common factor of 324 and 243.
81
What is the greatest common divisor of 403 and 13?
13
Calculate the greatest common factor of 200 and 128.
8
Calculate the highest common divisor of 56 and 2142.
14
What is the greatest common factor of 42 and 1239?
21
Calculate the greatest common divisor of 44 and 4.
4
What is the highest common factor of 16 and 7472?
16
Calculate the highest common factor of 764 and 27313.
191
Calculate the greatest common factor of 178 and 29.
1
Calculate the greatest common divisor of 243 and 162.
81
What is the highest common divisor of 40 and 220?
20
Calculate the greatest common divisor of 960 and 3648.
192
What is the greatest common divisor of 15 and 1390?
5
Calculate the greatest common divisor of 42 and 63.
21
What is the greatest common divisor of 1639 and 44?
11
What is the greatest common factor of 87 and 232?
29
What is the greatest common divisor of 5 and 6515?
5
What is the highest common factor of 24 and 402?
6
What is the greatest common factor of 890 and 10?
10
Calculate the greatest common factor of 66 and 3.
3
Calculate the greatest common factor of 88 and 6842.
22
What is the highest common divisor of 416 and 17264?
208
Calculate the highest common factor of 276 and 4.
4
Calculate the greatest common factor of 506 and 154.
22
What is the highest common factor of 671 and 253?
11
What is the greatest common divisor of 5 and 1850?
5
What is the highest common factor of 135 and 10305?
45
Calculate the greatest common divisor of 51216 and 96.
48
Calculate the greatest common divisor of 3 and 882.
3
Calculate the highest common divisor of 1176 and 32.
8
Calculate the greatest common divisor of 1540 and 5940.
220
Calculate the highest common divisor of 75 and 9.
3
Calculate the greatest common divisor of 13 and 572.
13
What is the highest common factor of 1885 and 845?
65
What is the greatest common divisor of 640 and 10?
10
What is the greatest common divisor of 1930 and 5?
5
What is the highest common divisor of 69 and 6141?
69
What is the highest common factor of 168 and 714?
42
What is the greatest common factor of 725 and 75?
25
What is the greatest common divisor of 44 and 396?
44
Calculate the highest common divisor of 1727 and 33.
11
Calculate the highest common factor of 17227 and 23.
23
What is the greatest common divisor of 13 and 351?
13
Calculate the greatest common divisor of 17 and 1377.
17
Calculate the highest common divisor of 4233 and 102.
51
Calculate the highest common divisor of 256 and 1728.
64
What is the greatest common factor of 30 and 765?
15
Calculate the greatest common divisor of 101 and 4.
1
Calculate the highest common divisor of 11 and 836.
11
Calculate the greatest common divisor of 10 and 710.
10
Calculate the highest common divisor of 1 and 29.
1
Calculate the greatest common factor of 1125 and 9.
9
Calculate the greatest common factor of 990 and 4730.
110
Calculate the greatest common divisor of 17 and 25.
1
Calculate the greatest common factor of 351 and 3393.
117
Calculate the highest common divisor of 544 and 34.
34
Calculate the greatest common divisor of 225 and 375.
75
What is the highest common divisor of 495 and 45?
45
Calculate the highest common divisor of 1566 and 435.
87
Calculate the greatest common factor of 15 and 2055.
15
What is the greatest common factor of 608 and 57?
19
Calculate the greatest common factor of 48 and 2080.
16
Calculate the greatest common factor of 200 and 120.
40
Calculate the greatest common factor of 137 and 2603.
137
Calculate the highest common factor of 63 and 8064.
63
Calculate the highest common divisor of 6 and 159.
3
What is the greatest common divisor of 686 and 28?
14
Calculate the highest common divisor of 6557 and 581.
83
What is the greatest common factor of 210 and 2226?
42
What is the highest common divisor of 144 and 19584?
144
What is the highest common factor of 150 and 30?
30
What is the greatest common factor of 18 and 382?
2
What is the greatest common divisor of 1 and 1505?
1
Calculate the greatest common divisor of 679 and 21.
7
What is the highest common divisor of 522 and 18?
18
Calculate the greatest common factor of 8 and 4.
4
What is the highest common divisor of 12 and 12?
12
What is the highest common divisor of 1840 and 8648?
184
Calculate the highest common divisor of 115 and 10.
5
Calculate the greatest common divisor of 60 and 348.
12
Calculate the highest common factor of 845 and 338.
169
What is the greatest common factor of 152 and 38?
38
Calculate the highest common factor of 114 and 6.
6
What is the greatest common divisor of 126 and 70?
14
What is the highest common divisor of 92 and 4577?
23
Calculate the highest common factor of 585 and 90.
45
Calculate the highest common factor of 2041 and 78.
13
Calculate the highest common factor of 2535 and 5.
5
What is the greatest common factor of 320 and 200?
40
What is the greatest common factor of 42 and 48?
6
What is the greatest common divisor of 1845 and 135?
45
What is the highest common factor of 667 and 145?
29
Calculate the greatest common factor of 84 and 8148.
84
What is the highest common factor of 100 and 3200?
100
Calculate the greatest common divisor of 15 and 485.
5
Calculate the highest common factor of 95 and 5.
5
Calculate the highest common divisor of 564 and 8742.
282
What is the greatest common divisor of 40 and 4000?
40
Calculate the highest common factor of 1064 and 56.
56
What is the highest common divisor of 640 and 5?
5
Calculate the highest common factor of 126 and 1897.
7
Calculate the greatest common factor of 128 and 62.
2
What is the greatest common factor of 95 and 1520?
95
What is the highest common divisor of 72 and 6507?
9
What is the highest common divisor of 10 and 16?
2
Calculate the greatest common factor of 880 and 616.
88
Calculate the highest common factor of 3760 and 80.
80
Calculate the greatest common divisor of 76 and 1178.
38
Calculate the greatest common factor of 330 and 3270.
30
What is the highest common divisor of 660 and 2340?
60
What is the highest common factor of 8337 and 42?
21
What is the greatest common factor of 4880 and 80?
80
Calculate the highest common factor of 6 and 372.
6
Calculate the greatest common divisor of 1190 and 1645.
35
Calculate the greatest common factor of 48 and 176.
16
What is the greatest common divisor of 11850 and 150?
150
What is the highest common factor of 105 and 35?
35
Calculate the highest common factor of 217 and 14.
7
Calculate the greatest common divisor of 2040 and 357.
51
What is the highest common divisor of 378 and 28?
14
What is the highest common divisor of 231 and 616?
77
Calculate the highest common factor of 1276 and 32.
4
What is the highest common divisor of 39 and 26?
13
What is the greatest common factor of 1365 and 30?
15
Calculate the highest common divisor of 114 and 665.
19
Calculate the greatest common factor of 27 and 4887.
27
Calculate the greatest common factor of 14 and 126.
14
Calculate the highest common divisor of 56 and 70.
14
What is the highest common divisor of 16 and 52?
4
What is the highest common factor of 16 and 10?
2
What is the greatest common divisor of 25 and 4?
1
Calculate the highest common divisor of 6 and 100.
2
What is the greatest common divisor of 309 and 21?
3
Calculate the highest common divisor of 32 and 216.
8
What is the greatest common factor of 2576 and 2737?
161
What is the highest common factor of 18 and 10?
2
Calculate the greatest common factor of 7 and 4319.
7
What is the greatest common divisor of 33 and 1947?
33
Calculate the highest common divisor of 524 and 12.
4
Calculate the highest common factor of 40158 and 36.
18
Calculate the greatest common divisor of 1113 and 105.
21
Calculate the highest common factor of 4500 and 400.
100
Calculate the greatest common factor of 24 and 264.
24
Calculate the highest common divisor of 5235 and 255.
15
Calculate the greatest common factor of 38 and 4826.
38
Calculate the highest common factor of 55 and 5.
5
What is the highest common divisor of 2314 and 267?
89
Calculate the highest common divisor of 318 and 114.
6
What is the 